{"id":69,"date":"2018-06-14T23:04:06","date_gmt":"2018-06-14T22:04:06","guid":{"rendered":"http:\/\/www.nuestrasenoradelapaz.com\/?page_id=69"},"modified":"2022-01-12T12:47:22","modified_gmt":"2022-01-12T11:47:22","slug":"21-de-marzo","status":"publish","type":"page","link":"https:\/\/www.nuestrasenoradelapaz.com\/?page_id=69","title":{"rendered":"Actos durante el a\u00f1o 2022"},"content":{"rendered":"\n<h2 class=\"wp-block-heading\">18 de marzo<\/h2>\n\n\n\n<blockquote class=\"wp-block-quote\"><p>A las 19:00 horas, Eucarist\u00eda de despedida.<\/p><\/blockquote>\n\n\n\n<p><\/p>\n\n\n\n<h2 class=\"wp-block-heading\">19 de marzo<\/h2>\n\n\n\n<blockquote class=\"wp-block-quote\"><p>A las18:00 horas, Traslado de la Virgen a su Ermita.<\/p><\/blockquote>\n\n\n\n<p><\/p>\n\n\n\n<h2 class=\"wp-block-heading\">15 de mayo<\/h2>\n\n\n\n<blockquote class=\"wp-block-quote\"><p>A las 12:00, Misa, procesi\u00f3n y romer\u00eda en el Pinar de San Isidro. Oficiar\u00e1 el capell\u00e1n de la Hermandad D. Enrique Mazario.<\/p><\/blockquote>\n\n\n\n<p><\/p>\n\n\n\n<h2 class=\"wp-block-heading\">16 &#8211; 24 de mayo<\/h2>\n\n\n\n<blockquote class=\"wp-block-quote\"><p>Novena en la Ermita, en honor a Ntra. Sra. de la Paz<\/p><\/blockquote>\n\n\n\n<p><\/p>\n\n\n\n<h2 class=\"wp-block-heading\">22 de junio<\/h2>\n\n\n\n<blockquote class=\"wp-block-quote\"><p>A las 20:00, Solemne Eucarist\u00eda del XXXI aniversasrio de la coronaci\u00f3n can\u00f3nica de la Virgen de la Paz.<\/p><\/blockquote>\n\n\n\n<p><\/p>\n\n\n\n<h2 class=\"wp-block-heading\">16-24 de octubre.<\/h2>\n\n\n\n<blockquote class=\"wp-block-quote\"><p>Novena en la Ermita, en honor a Ntra. Sra. de la Paz<\/p><\/blockquote>\n\n\n\n<p><\/p>\n\n\n\n<h2 class=\"wp-block-heading\">25 de diciembre<\/h2>\n\n\n\n<blockquote class=\"wp-block-quote\"><p>A las 17:30, traslado de la Virgen desde su Ermita hasta la Iglesia de San Pedro Ap\u00f3stol.<\/p><\/blockquote>\n\n\n\n<p><\/p>\n\n\n\n<figure class=\"wp-block-pullquote\"><blockquote><p>Los dias 24 de cada mes (excepto agosto y diciembre) se celebrar\u00e1 una Eucarist\u00eda de Hermandad a las 20:00 horas en el lugar en el que se encuentre la imagen de la Virgen.<\/p><\/blockquote><\/figure>\n\n\n<h5 style=\"text-align: left;\">\u00a0<\/h5>\n<h3 style=\"text-align: center;\">\u00a0 <\/h3>","protected":false},"excerpt":{"rendered":"<p>18 de marzo A las 19:00 horas, Eucarist\u00eda de despedida. 19 de marzo A las18:00 horas, Traslado de la Virgen a su Ermita. 15 de mayo A las 12:00, Misa,&hellip;<a href=\"https:\/\/www.nuestrasenoradelapaz.com\/?page_id=69\" class=\"more-link\"><span class=\"more-button\">Continue reading<span class=\"screen-reader-text\">Actos durante el a\u00f1o 2022<\/span><\/span><\/a><\/p>\n","protected":false},"author":1,"featured_media":0,"parent":0,"menu_order":0,"comment_status":"closed","ping_status":"closed","template":"","meta":[],"_links":{"self":[{"href":"https:\/\/www.nuestrasenoradelapaz.com\/index.php?rest_route=\/wp\/v2\/pages\/69"}],"collection":[{"href":"https:\/\/www.nuestrasenoradelapaz.com\/index.php?rest_route=\/wp\/v2\/pages"}],"about":[{"href":"https:\/\/www.nuestrasenoradelapaz.com\/index.php?rest_route=\/wp\/v2\/types\/page"}],"author":[{"embeddable":true,"href":"https:\/\/www.nuestrasenoradelapaz.com\/index.php?rest_route=\/wp\/v2\/users\/1"}],"replies":[{"embeddable":true,"href":"https:\/\/www.nuestrasenoradelapaz.com\/index.php?rest_route=%2Fwp%2Fv2%2Fcomments&post=69"}],"version-history":[{"count":9,"href":"https:\/\/www.nuestrasenoradelapaz.com\/index.php?rest_route=\/wp\/v2\/pages\/69\/revisions"}],"predecessor-version":[{"id":1158,"href":"https:\/\/www.nuestrasenoradelapaz.com\/index.php?rest_route=\/wp\/v2\/pages\/69\/revisions\/1158"}],"wp:attachment":[{"href":"https:\/\/www.nuestrasenoradelapaz.com\/index.php?rest_route=%2Fwp%2Fv2%2Fmedia&parent=69"}],"curies":[{"name":"wp","href":"https:\/\/api.w.org\/{rel}","templated":true}]}}

Actos durante el año 2022

<h2 class="wp-block-heading">18 de marzo</h2>



<blockquote class="wp-block-quote"><p>A las 19:00 horas, Eucaristía de despedida.</p></blockquote>



<p></p>



<h2 class="wp-block-heading">19 de marzo</h2>



<blockquote class="wp-block-quote"><p>A las18:00 horas, Traslado de la Virgen a su Ermita.</p></blockquote>



<p></p>



<h2 class="wp-block-heading">15 de mayo</h2>



<blockquote class="wp-block-quote"><p>A las 12:00, Misa, procesión y romería en el Pinar de San Isidro. Oficiará el capellán de la Hermandad D. Enrique Mazario.</p></blockquote>



<p></p>



<h2 class="wp-block-heading">16 &#8211; 24 de mayo</h2>



<blockquote class="wp-block-quote"><p>Novena en la Ermita, en honor a Ntra. Sra. de la Paz</p></blockquote>



<p></p>



<h2 class="wp-block-heading">22 de junio</h2>



<blockquote class="wp-block-quote"><p>A las 20:00, Solemne Eucaristía del XXXI aniversasrio de la coronación canónica de la Virgen de la Paz.</p></blockquote>



<p></p>



<h2 class="wp-block-heading">16-24 de octubre.</h2>



<blockquote class="wp-block-quote"><p>Novena en la Ermita, en honor a Ntra. Sra. de la Paz</p></blockquote>



<p></p>



<h2 class="wp-block-heading">25 de diciembre</h2>



<blockquote class="wp-block-quote"><p>A las 17:30, traslado de la Virgen desde su Ermita hasta la Iglesia de San Pedro Apóstol.</p></blockquote>



<p></p>



<figure class="wp-block-pullquote"><blockquote><p>Los dias 24 de cada mes (excepto agosto y diciembre) se celebrará una Eucaristía de Hermandad a las 20:00 horas en el lugar en el que se encuentre la imagen de la Virgen.</p></blockquote></figure>


<h5 style="text-align: left;"> </h5>
<h3 style="text-align: center;">  </h3>

<p>18 de marzo A las 19:00 horas, Eucaristía de despedida. 19 de marzo A las18:00 horas, Traslado de la Virgen a su Ermita. 15 de mayo A las 12:00, Misa,&hellip;<a href="https://www.nuestrasenoradelapaz.com/?page_id=69" class="more-link"><span class="more-button">Continue reading<span class="screen-reader-text">Actos durante el año 2022</span></span></a></p>
