{"id":67,"date":"2018-06-14T23:03:49","date_gmt":"2018-06-14T22:03:49","guid":{"rendered":"http:\/\/www.nuestrasenoradelapaz.com\/?page_id=67"},"modified":"2022-01-12T13:16:07","modified_gmt":"2022-01-12T12:16:07","slug":"2-de-febrero","status":"publish","type":"page","link":"https:\/\/www.nuestrasenoradelapaz.com\/?page_id=67","title":{"rendered":"2 de Febrero"},"content":{"rendered":"<h1 style=\"text-align: center;\">LA CANDELARIA<\/h1>\n<p>A las <span style=\"color: #ff0000;\">9:00<\/span> horas: Misa de Comuni\u00f3n.<\/p>\n<p>A las <span style=\"color: #ff0000;\">12:00<\/span> horas: Solemne Misa de las Candelas oficiada por R.P. D. ENRIQUE MAZARO ZUBI\u00d1AS, capell\u00e1n de la Hermandad y p\u00e1rroco de San Pedro Apostol.<\/p>\n<p>Antes del comienzo de la misma, la imagen de la Virgen de la Paz ser\u00e1 paseada en procesi\u00f3n en andas por los alrededores de la Iglesia de San Pedro.<\/p>\n<p>Despu\u00e9s de terminada la Santa Misa habr\u00e1 la tradicional degustaci\u00f3n de <span style=\"color: #3366ff;\">TORTAS DE LAS CANDELAS<\/span> y quema final de fuegos artificiales en la plaza de la Iglesia.<\/p>\n<p>A las <span style=\"color: #ff0000;\">14:30<\/span> horas COMIDA DE HERMANDAD en \u00ab<span style=\"color: #3366ff;\">JOSE LUIS de EL ESTUDIANTE<\/span>\u00ab.<\/p>\n<p>A las <span style=\"color: #ff0000;\">19:00<\/span> horas ofrecimiento a la Virgen de los ni\u00f1os bautizados en el a\u00f1o.<\/p>\n\n\n<ul><li><\/li><\/ul>\n","protected":false},"excerpt":{"rendered":"<p>LA CANDELARIA A las 9:00 horas: Misa de Comuni\u00f3n. A las 12:00 horas: Solemne Misa de las Candelas oficiada por R.P. D. ENRIQUE MAZARO ZUBI\u00d1AS, capell\u00e1n de la Hermandad y&hellip;<a href=\"https:\/\/www.nuestrasenoradelapaz.com\/?page_id=67\" class=\"more-link\"><span class=\"more-button\">Continue reading<span class=\"screen-reader-text\">2 de Febrero<\/span><\/span><\/a><\/p>\n","protected":false},"author":1,"featured_media":0,"parent":0,"menu_order":0,"comment_status":"closed","ping_status":"closed","template":"","meta":[],"_links":{"self":[{"href":"https:\/\/www.nuestrasenoradelapaz.com\/index.php?rest_route=\/wp\/v2\/pages\/67"}],"collection":[{"href":"https:\/\/www.nuestrasenoradelapaz.com\/index.php?rest_route=\/wp\/v2\/pages"}],"about":[{"href":"https:\/\/www.nuestrasenoradelapaz.com\/index.php?rest_route=\/wp\/v2\/types\/page"}],"author":[{"embeddable":true,"href":"https:\/\/www.nuestrasenoradelapaz.com\/index.php?rest_route=\/wp\/v2\/users\/1"}],"replies":[{"embeddable":true,"href":"https:\/\/www.nuestrasenoradelapaz.com\/index.php?rest_route=%2Fwp%2Fv2%2Fcomments&post=67"}],"version-history":[{"count":7,"href":"https:\/\/www.nuestrasenoradelapaz.com\/index.php?rest_route=\/wp\/v2\/pages\/67\/revisions"}],"predecessor-version":[{"id":1162,"href":"https:\/\/www.nuestrasenoradelapaz.com\/index.php?rest_route=\/wp\/v2\/pages\/67\/revisions\/1162"}],"wp:attachment":[{"href":"https:\/\/www.nuestrasenoradelapaz.com\/index.php?rest_route=%2Fwp%2Fv2%2Fmedia&parent=67"}],"curies":[{"name":"wp","href":"https:\/\/api.w.org\/{rel}","templated":true}]}}

<h1 style="text-align: center;">LA CANDELARIA</h1>
<p>A las <span style="color: #ff0000;">9:00</span> horas: Misa de Comunión.</p>
<p>A las <span style="color: #ff0000;">12:00</span> horas: Solemne Misa de las Candelas oficiada por R.P. D. ENRIQUE MAZARO ZUBIÑAS, capellán de la Hermandad y párroco de San Pedro Apostol.</p>
<p>Antes del comienzo de la misma, la imagen de la Virgen de la Paz será paseada en procesión en andas por los alrededores de la Iglesia de San Pedro.</p>
<p>Después de terminada la Santa Misa habrá la tradicional degustación de <span style="color: #3366ff;">TORTAS DE LAS CANDELAS</span> y quema final de fuegos artificiales en la plaza de la Iglesia.</p>
<p>A las <span style="color: #ff0000;">14:30</span> horas COMIDA DE HERMANDAD en «<span style="color: #3366ff;">JOSE LUIS de EL ESTUDIANTE</span>«.</p>
<p>A las <span style="color: #ff0000;">19:00</span> horas ofrecimiento a la Virgen de los niños bautizados en el año.</p>


<ul><li></li></ul>

<p>LA CANDELARIA A las 9:00 horas: Misa de Comunión. A las 12:00 horas: Solemne Misa de las Candelas oficiada por R.P. D. ENRIQUE MAZARO ZUBIÑAS, capellán de la Hermandad y&hellip;<a href="https://www.nuestrasenoradelapaz.com/?page_id=67" class="more-link"><span class="more-button">Continue reading<span class="screen-reader-text">2 de Febrero</span></span></a></p>
