{"id":61,"date":"2018-06-14T23:02:58","date_gmt":"2018-06-14T22:02:58","guid":{"rendered":"http:\/\/www.nuestrasenoradelapaz.com\/?page_id=61"},"modified":"2022-01-12T13:25:48","modified_gmt":"2022-01-12T12:25:48","slug":"24-de-enero","status":"publish","type":"page","link":"https:\/\/www.nuestrasenoradelapaz.com\/?page_id=61","title":{"rendered":"24 de Enero"},"content":{"rendered":"<h1 style=\"text-align: center;\">Festividad de Ntra. Sra. Virgen de la Paz<\/h1>\n<p>A las <span style=\"color: #ff0000;\">9:00, 10:00<\/span> y\u00a0<span style=\"color: #ff0000;\">19:00<\/span> horas: Misa de Comuni\u00f3n en la parroquia de San Pedro Ap\u00f3stol.<\/p>\n<p>A las <span style=\"color: #ff0000;\">12:00<\/span> horas: MISA MAYOR solemn\u00edsima concelebrada. Ser\u00e1 oficiada por R.P .D. <span style=\"color: #3366ff;\">Jose Javier Romera Mar\u00ednez<\/span>, p\u00e1rroco de Santiago Ap\u00f3stol de Villaviciosa de Od\u00f3n . La homil\u00eda ser\u00e1 ofrecida por la familia P\u00e1ramo Aguado.<\/p>\n<p>A las <span style=\"color: #ff0000;\">14.30<\/span> horas, COMIDA DE HERMANDAD en Salones <span style=\"color: #3366ff;\">MILY<\/span>.<\/p>\n<p>A las <span style=\"color: #ff0000;\">18,30<\/span> horas: Solemne procesi\u00f3n con la imagen de la SANT\u00cdSIMA VIRGEN DE LA PAZ (antes de iniciarse, y con el silencio de todos , la corneta tocar\u00e1 a ORACI\u00d3N para rogar por LA PAZ EN EL MUNDO). A continuaci\u00f3n se realizar\u00e1 la tradicional suelta de palomas. En distintos puntos del recorrido se quemar\u00e1n castillos de fuegos de artificio y se cantar\u00e1n motetes a la Virgen.<\/p>\n<p style=\"text-align: center;\">Los motetes a la Virgen seran cantados por:<\/p>\n<p style=\"text-align: center;\">&#8211; En la Plaza del Pueblo, \u00ab<span style=\"color: #3366ff;\">CORO DE LA HERMANDAD<\/span>\u00ab.<\/p>\n<p style=\"text-align: center;\">&#8211; En la Plaza de la Artesan\u00eda, \u00ab<span style=\"color: #3366ff;\">JUAN PE\u00d1A<\/span><span style=\"color: #3366ff;\"><span style=\"color: #000000;\">\u00ab.<\/span><\/span><\/p>\n<p style=\"text-align: center;\">&#8211; En la Plaza de la Iglesia, la solista \u00ab<span style=\"color: #3366ff;\">MARIA GRACIA<\/span>\u00ab<\/p>\n<p>A la entrada de la Imagen en la iglesia se proceder\u00e1 a la tradicional subasta de andas, cetros, banderas, y al colocar la Imagen en su camar\u00edn se cantar\u00e1 la Salve y letan\u00edas. La capilla Musical estar\u00e1 dirigida por los maestros D. Vicente Aroca.<\/p>\n<p style=\"text-align: center;\">Acompa\u00f1ar\u00e1n en el recorrido, rindiendo honor y haciendo parada previamente ante la Virgen:<\/p>\n<p style=\"text-align: center;\">-EL ESCUADR\u00d3N A CABALLO DE LA HERMANDAD.<\/p>\n<p style=\"text-align: center;\">-ESTANDARTES Y BANDERAS DE LA HERMANDAD.<\/p>\n<p style=\"text-align: center;\">-LA POLIC\u00cdA MUNICIPAL DE ALCOBENDAS EN UNIFORME DE GALA.<\/p>\n<p style=\"text-align: center;\">-PROTECCION CIVIL DE ALCOBENDAS.<\/p>\n<p style=\"text-align: center;\">-LA BANDA MUNICIPAL DE M\u00daSICA DE ALCOBENDAS.<\/p>\n<p style=\"text-align: center;\">-BANDA A.M. PASION Y MUERTE.<\/p>\n<p style=\"text-align: center;\">-BANDA DE MUSICA LUME DE BAQUERIA.<\/p>\n<p style=\"text-align: center;\">-CASAS REGIONALES ACREDITADAS EN ALCOBENDAS.<\/p>\n<p style=\"text-align: center;\">-CETROS Y BANDERAS DE LA HERMANDAD.<\/p>\n<p style=\"text-align: center;\">-ESCUADRON DE GASTADORES Y BANDA DE GUERRA DE LA BRIGADA DE INFANTERIA ACORAZADA \u00abGUADARRAMA XII\u00bb<\/p>\n","protected":false},"excerpt":{"rendered":"<p>Festividad de Ntra. Sra. Virgen de la Paz A las 9:00, 10:00 y\u00a019:00 horas: Misa de Comuni\u00f3n en la parroquia de San Pedro Ap\u00f3stol. A las 12:00 horas: MISA MAYOR&hellip;<a href=\"https:\/\/www.nuestrasenoradelapaz.com\/?page_id=61\" class=\"more-link\"><span class=\"more-button\">Continue reading<span class=\"screen-reader-text\">24 de Enero<\/span><\/span><\/a><\/p>\n","protected":false},"author":1,"featured_media":0,"parent":0,"menu_order":0,"comment_status":"closed","ping_status":"closed","template":"","meta":[],"_links":{"self":[{"href":"https:\/\/www.nuestrasenoradelapaz.com\/index.php?rest_route=\/wp\/v2\/pages\/61"}],"collection":[{"href":"https:\/\/www.nuestrasenoradelapaz.com\/index.php?rest_route=\/wp\/v2\/pages"}],"about":[{"href":"https:\/\/www.nuestrasenoradelapaz.com\/index.php?rest_route=\/wp\/v2\/types\/page"}],"author":[{"embeddable":true,"href":"https:\/\/www.nuestrasenoradelapaz.com\/index.php?rest_route=\/wp\/v2\/users\/1"}],"replies":[{"embeddable":true,"href":"https:\/\/www.nuestrasenoradelapaz.com\/index.php?rest_route=%2Fwp%2Fv2%2Fcomments&post=61"}],"version-history":[{"count":9,"href":"https:\/\/www.nuestrasenoradelapaz.com\/index.php?rest_route=\/wp\/v2\/pages\/61\/revisions"}],"predecessor-version":[{"id":1164,"href":"https:\/\/www.nuestrasenoradelapaz.com\/index.php?rest_route=\/wp\/v2\/pages\/61\/revisions\/1164"}],"wp:attachment":[{"href":"https:\/\/www.nuestrasenoradelapaz.com\/index.php?rest_route=%2Fwp%2Fv2%2Fmedia&parent=61"}],"curies":[{"name":"wp","href":"https:\/\/api.w.org\/{rel}","templated":true}]}}