{"id":146,"date":"2018-06-16T19:35:50","date_gmt":"2018-06-16T18:35:50","guid":{"rendered":"http:\/\/www.nuestrasenoradelapaz.com\/?page_id=146"},"modified":"2018-06-16T19:39:15","modified_gmt":"2018-06-16T18:39:15","slug":"origen-de-la-hermandad","status":"publish","type":"page","link":"https:\/\/www.nuestrasenoradelapaz.com\/?page_id=146","title":{"rendered":"Origen de la Hermandad"},"content":{"rendered":"<h2 style=\"text-align: center;\"><em><strong>Origen hist\u00f3rico de la Hermandad de Ntra. Sra. de la Paz<\/strong><\/em><\/h2>\n<hr \/>\n<p>La religiosidad popular, algunas de cuyas manifestaciones a\u00fan perduran en forma de costumbres y tradiciones, tuvo su principal auge en Castilla entre los siglos XVI y XVII, con el Barroco como principal referente est\u00e9tico, social y espiritual. Es la religiosidad una forma de cultura que todos los pueblos expresan desde su propia idiosincrasia, y en nuestro Alcobendas se manifest\u00f3 y recondujo, desde tiempos inmemoriales, hacia la venerada imagen de la Virgen de la Paz custodiada en el entonces apartado paraje de Fuentidue\u00f1a.<\/p>\n<p>El sentimiento religioso, siempre intenso en Espa\u00f1a, se aviv\u00f3 en el\u00a0 siglo XVI como reacci\u00f3n contra la Reforma y el protestantismo al amparo de los dictados del Concilio de Trento. Con la llamada Contrarreforma\u00a0 se asisti\u00f3 a una impresionante reactivaci\u00f3n de los santuarios y ermitas, en funci\u00f3n de un singular despertar de la memoria colectiva respecto a determinadas devociones, y aparecieron, por doquier, cofrad\u00edas que aseguraban el \u00e9xito de los centros de devoci\u00f3n. Nuestro Alcobendas no se sustrajo a este movimiento, y estos aires de religiosidad imperantes durante el reinado de Felipe II se tradujeron en la constituci\u00f3n de una cofrad\u00eda o hermandad al uso de la \u00e9poca.<\/p>\n<p>Corr\u00eda el a\u00f1o de 1559 cuando se constituy\u00f3 can\u00f3nicamente la denominada Cofrad\u00eda de Nuestra Se\u00f1ora de la Paz, con unas ordenanzas autorizadas y rubricadas por el entonces cardenal primado Fray Bartolom\u00e9 Carranza. Dato y a\u00f1o que nos aport\u00f3 Francisco Garc\u00eda Calatrava en el siglo XIX en las dos ediciones de su Novena: \u201c\u2026En el a\u00f1o de 1559 se instituy\u00f3 can\u00f3nicamente una Cofrad\u00eda bajo la advocaci\u00f3n de la relacionada Imagen\u2026\u201d ; \u201c\u2026En el siglo XVI, \u00f3 sea en 1559, se instituy\u00f3 can\u00f3nicamente una Cofrad\u00eda en Alcovendas bajo la advocaci\u00f3n de Mar\u00eda Sant\u00edsima de la Paz, \u00e1 la que los vecinos de Alcovendas profesaban la mayor devoci\u00f3n\u201d .<\/p>\n<p>Se tiene constancia documentada de que los nombramientos de los mayordomos y santeros de esta cofrad\u00eda, en el a\u00f1o 1588, se hac\u00edan entre el concejo de Alcobendas y el cura p\u00e1rroco, imponi\u00e9ndose las condiciones de que los elegidos habr\u00edan de ser naturales de Alcobendas y que en caso de discordia entre el cura y el concejo decidiese la suerte quienes habr\u00edan de ser los elegidos. La siguiente referencia documentada de la existencia de la Cofrad\u00eda parte del a\u00f1o 1605, y se trata de una bula del Papa Paulo V concediendo varias indulgencias a los cofrades de la Confrad\u00eda: \u00ab&#8230;en la yglesia llamada dela advocacion de Sancta Maria dela Paz cerca y extramuros dela villa de Alcobendas diocesis de Toledo ay ynstituida canonicamente una piadosa Confradia de fieles christianos hombres y mugeres de la invocacion dela misma Sancta Maria de la Paz para alabanza de Dios Todo Poderoso, y salud de las almas, y aiyuda del poximo, no solamente de hombres de un solo arte especial, con sus amados hijos confradres han acostumbrado exercitar muchas obras de caridad, piedad, y misericordia&#8230;\u00bb .<\/p>\n<p style=\"text-align: left;\">M\u00e1s de cuatro siglos y medio han transcurrido desde la constituci\u00f3n de aquella Cofrad\u00eda, uno de hitos religiosos y culturales de la historia de nuestro Alcobendas, y\u00a0 a pesar de tantos avatares y cambios producidos en el transcurso de este largo periodo,\u00a0 las mismas finalidades de servicio hacia la religiosidad popular y mantenimiento del culto a Ntra. Sra. de la Paz y su centro de devoci\u00f3n con que naciera en el siglo XVI, se hallan hoy vivas por medio de la actual Hermandad de Nuestra Se\u00f1ora de la Paz, heredera de aquella.<\/p>\n<hr \/>\n<p style=\"text-align: center;\">Juli\u00e1n Caballero Aguado (Historiador de la Hermandad)<\/p>\n","protected":false},"excerpt":{"rendered":"<p>Origen hist\u00f3rico de la Hermandad de Ntra. Sra. de la Paz La religiosidad popular, algunas de cuyas manifestaciones a\u00fan perduran en forma de costumbres y tradiciones, tuvo su principal auge&hellip;<a href=\"https:\/\/www.nuestrasenoradelapaz.com\/?page_id=146\" class=\"more-link\"><span class=\"more-button\">Continue reading<span class=\"screen-reader-text\">Origen de la Hermandad<\/span><\/span><\/a><\/p>\n","protected":false},"author":1,"featured_media":0,"parent":0,"menu_order":0,"comment_status":"closed","ping_status":"closed","template":"","meta":[],"_links":{"self":[{"href":"https:\/\/www.nuestrasenoradelapaz.com\/index.php?rest_route=\/wp\/v2\/pages\/146"}],"collection":[{"href":"https:\/\/www.nuestrasenoradelapaz.com\/index.php?rest_route=\/wp\/v2\/pages"}],"about":[{"href":"https:\/\/www.nuestrasenoradelapaz.com\/index.php?rest_route=\/wp\/v2\/types\/page"}],"author":[{"embeddable":true,"href":"https:\/\/www.nuestrasenoradelapaz.com\/index.php?rest_route=\/wp\/v2\/users\/1"}],"replies":[{"embeddable":true,"href":"https:\/\/www.nuestrasenoradelapaz.com\/index.php?rest_route=%2Fwp%2Fv2%2Fcomments&post=146"}],"version-history":[{"count":2,"href":"https:\/\/www.nuestrasenoradelapaz.com\/index.php?rest_route=\/wp\/v2\/pages\/146\/revisions"}],"predecessor-version":[{"id":149,"href":"https:\/\/www.nuestrasenoradelapaz.com\/index.php?rest_route=\/wp\/v2\/pages\/146\/revisions\/149"}],"wp:attachment":[{"href":"https:\/\/www.nuestrasenoradelapaz.com\/index.php?rest_route=%2Fwp%2Fv2%2Fmedia&parent=146"}],"curies":[{"name":"wp","href":"https:\/\/api.w.org\/{rel}","templated":true}]}}