{"id":63,"date":"2018-06-14T23:03:15","date_gmt":"2018-06-14T22:03:15","guid":{"rendered":"http:\/\/www.nuestrasenoradelapaz.com\/?page_id=63"},"modified":"2022-01-12T13:31:56","modified_gmt":"2022-01-12T12:31:56","slug":"25-de-enero","status":"publish","type":"page","link":"http:\/\/www.nuestrasenoradelapaz.com\/?page_id=63","title":{"rendered":"25 de Enero"},"content":{"rendered":"<h1 style=\"text-align: center;\">FIESTAS DEL MILAGRO<\/h1>\n<p>A las <span style=\"color: #ff0000;\">9:00<\/span> horas: Misa de Comuni\u00f3n.<\/p>\n<p>A las <span style=\"color: #ff0000;\">12:00<\/span> horas: MISA MAYOR concelebrada del MILAGRO. Ser\u00e1 presidida por <span style=\"color: #3366ff;\">D. Ram\u00f3n Carvajal<span style=\"color: #333333;\"><span style=\"color: #808080;\">, Vicario Parroquial de San Pedro Ap\u00f3tol y<\/span> <\/span><\/span>la <span style=\"color: #808080;\">homil\u00eda<\/span> correr\u00e1 a cargo de R.P. <span style=\"color: #3366ff;\">D. Jesus de las Heras Muela, <span style=\"color: #808080;\">De\u00e1n de la Catedral de Sig\u00fcenza- La Plazuela. Ser\u00e1 ofrecida por la familia<\/span> Aguado Fernandez-Guisasola.<\/span><\/p>\n<p>A las <span style=\"color: #ff0000;\">14:30<\/span> horas, COMIDA DE HERMANDAD en \u00a0Restaurante \u00ab<span style=\"color: #3366ff;\">JUANECA (El Estudiante)<\/span>\u00ab.<\/p>\n<p>A las <span style=\"color: #ff0000;\">19:00<\/span> horas, Santa Eucarist\u00eda, en la Parroquia San Pedro Ap\u00f3stol, Letan\u00eda, Salve y despedida de la Sant\u00edsima Virgen.<\/p>\n<p>Durante los actos de este d\u00eda actuar\u00e1 la Capilla Musical.<\/p>\n","protected":false},"excerpt":{"rendered":"<p>FIESTAS DEL MILAGRO A las 9:00 horas: Misa de Comuni\u00f3n. A las 12:00 horas: MISA MAYOR concelebrada del MILAGRO. Ser\u00e1 presidida por D. Ram\u00f3n Carvajal, Vicario Parroquial de San Pedro&hellip;<a href=\"http:\/\/www.nuestrasenoradelapaz.com\/?page_id=63\" class=\"more-link\"><span class=\"more-button\">Continue reading<span class=\"screen-reader-text\">25 de Enero<\/span><\/span><\/a><\/p>\n","protected":false},"author":1,"featured_media":0,"parent":0,"menu_order":0,"comment_status":"closed","ping_status":"closed","template":"","meta":[],"_links":{"self":[{"href":"http:\/\/www.nuestrasenoradelapaz.com\/index.php?rest_route=\/wp\/v2\/pages\/63"}],"collection":[{"href":"http:\/\/www.nuestrasenoradelapaz.com\/index.php?rest_route=\/wp\/v2\/pages"}],"about":[{"href":"http:\/\/www.nuestrasenoradelapaz.com\/index.php?rest_route=\/wp\/v2\/types\/page"}],"author":[{"embeddable":true,"href":"http:\/\/www.nuestrasenoradelapaz.com\/index.php?rest_route=\/wp\/v2\/users\/1"}],"replies":[{"embeddable":true,"href":"http:\/\/www.nuestrasenoradelapaz.com\/index.php?rest_route=%2Fwp%2Fv2%2Fcomments&post=63"}],"version-history":[{"count":7,"href":"http:\/\/www.nuestrasenoradelapaz.com\/index.php?rest_route=\/wp\/v2\/pages\/63\/revisions"}],"predecessor-version":[{"id":1166,"href":"http:\/\/www.nuestrasenoradelapaz.com\/index.php?rest_route=\/wp\/v2\/pages\/63\/revisions\/1166"}],"wp:attachment":[{"href":"http:\/\/www.nuestrasenoradelapaz.com\/index.php?rest_route=%2Fwp%2Fv2%2Fmedia&parent=63"}],"curies":[{"name":"wp","href":"https:\/\/api.w.org\/{rel}","templated":true}]}}